{"id":10547,"date":"2023-07-13T12:14:06","date_gmt":"2023-07-13T10:14:06","guid":{"rendered":"https:\/\/fomci.ici225.com\/?page_id=10547"},"modified":"2023-07-13T12:14:06","modified_gmt":"2023-07-13T10:14:06","slug":"presentation","status":"publish","type":"page","link":"https:\/\/fomci2025.ici225.com\/?page_id=10547","title":{"rendered":"PRESENTATION"},"content":{"rendered":"<div class=\"wpb-content-wrapper\"><p>[vc_row][vc_column][tm_spacer size=\u00a0\u00bblg:125&Prime;][tm_heading style=\u00a0\u00bbmodern\u00a0\u00bb tag=\u00a0\u00bbh6&Prime; custom_google_font=\u00a0\u00bb\u00a0\u00bb text_color=\u00a0\u00bbcustom\u00a0\u00bb custom_text_color=\u00a0\u00bb#ababab\u00a0\u00bb]FOMCI 2023[\/tm_heading][tm_spacer size=\u00a0\u00bblg:23&Prime;][vc_row_inner][vc_column_inner][tm_heading custom_google_font=\u00a0\u00bb\u00a0\u00bb google_fonts=\u00a0\u00bbfont_family:hackney%3Aregular|font_style:400%20regular%3A400%3Anormal\u00a0\u00bb font_size=\u00a0\u00bbsm:15;md:22;lg:28&Prime; line_height=\u00a0\u00bb1.4&Prime; max_width=\u00a0\u00bb740px\u00a0\u00bb]LA QUALIT\u00c9 MADE IN C\u00d4TE D\u2019IVOIRE, OPPORTUNIT\u00c9S D\u2019AFFAIRES ET FACTEUR DE CROISSANCE INCLUSIVE[\/tm_heading][tm_spacer size=\u00a0\u00bbsm:30;lg:29&Prime;][vc_column_text]La promotion des produits locaux est une tendance croissante dans le monde entier, en raison de l\u2019importance \u00e9conomique, sociale et environnementale qu\u2019elle rev\u00eat. Les produits locaux offrent une opportunit\u00e9 unique de soutenir les agriculteurs et les producteurs locaux, de pr\u00e9server les traditions culinaires et de r\u00e9duire l\u2019impact environnemental li\u00e9 au transport des produits.<\/p>\n<p>Dans un contexte marqu\u00e9 par la pand\u00e9mie de la COVID-19 et les tensions g\u00e9opolitiques telles que la guerre en Ukraine, la question de la r\u00e9duction de la d\u00e9pendance de l\u2019ext\u00e9rieur est devenue plus pressante que jamais. Les tensions g\u00e9opolitiques ont rendu les \u00e9changes commerciaux plus incertains et les produits import\u00e9s moins fiables en termes de disponibilit\u00e9 et d\u2019accessibilit\u00e9.<\/p>\n<p>Depuis, il est de plus en plus question de cr\u00e9er, renforcer et encourager les offres de produits locaux r\u00e9pondant, d\u2019une part, aux normes d\u2019hygi\u00e8nes et \u00e0 la demande locale et, d\u2019autre part, de sensibiliser les Ivoiriens \u00e0 positionner les produits locaux au sommet de leur hi\u00e9rarchie de pr\u00e9f\u00e9rence.<\/p>\n<p>Face \u00e0 un tel d\u00e9fi, l\u2019organisation de la Foire du Made in C\u00f4te d\u2019Ivoire (FOMCI), vise \u00e0 offrir aux producteurs locaux une plateforme pour promouvoir leurs savoir-faire aupr\u00e8s d\u2019un large public. L\u2019\u00e9v\u00e9nement favorisera ainsi la visibilit\u00e9 et la valorisation des produits locaux, tout en encourageant la consommation locale.<\/p>\n<p>Aussi, initi\u00e9e en 2018 par le Minist\u00e8re du Commerce, de l\u2019Industrie et de la Promotion des PME, la Foire du Made In C\u00f4te d\u2019Ivoire (FOMCI) est devenue un \u00e9v\u00e9nement exclusif pour vivre \u00e0 l\u2019ivoirienne l\u2019exp\u00e9rience de la d\u00e9couverte des derniers d\u00e9veloppements, tendances, services et produits en provenance de la C\u00f4te d\u2019Ivoire et fabriqu\u00e9s en C\u00f4te d\u2019Ivoire.<\/p>\n<p>La foire permet \u00e0 l\u2019industrie, \u00e0 l\u2019innovation et \u00e0 la cr\u00e9ativit\u00e9 ivoirienne de rencontrer les consommateurs, de montrer aux investisseurs les capacit\u00e9s de productions et de transformation des entreprises ivoiriennes.<\/p>\n<p>Apr\u00e8s une \u00e9dition test qui a permis de pr\u00e9senter les potentialit\u00e9s multisectorielles de la C\u00f4te d\u2019Ivoire, cap sur la deuxi\u00e8me \u00e9dition du FOMCI qui aura lieu du 22 au 26 novembre 2023, au Parc des Expositions d\u2019Abidjan.<\/p>\n<p>Cette ann\u00e9e, le th\u00e8me central est: <b><i>LA QUALITE MADE IN C\u00d4TE D\u2019IVOIRE, OPPORTUNITES D\u2019AFFAIRES ET FACTEUR DE CROISSANCE INCLUSIVE<\/i><\/b>[\/vc_column_text][tm_spacer size=\u00a0\u00bblg:78&Prime;][\/vc_column_inner][\/vc_row_inner][\/vc_column][\/vc_row][vc_row full_width=\u00a0\u00bbstretch_row\u00a0\u00bb content_placement=\u00a0\u00bbmiddle\u00a0\u00bb background_color=\u00a0\u00bbcustom\u00a0\u00bb custom_background_color=\u00a0\u00bbrgba(221,210,186,0.2)\u00a0\u00bb lg_spacing=\u00a0\u00bbpadding_top:40;padding_bottom:20&Prime;][vc_column][vc_row_inner content_placement=\u00a0\u00bbmiddle\u00a0\u00bb][vc_column_inner][tm_heading custom_google_font=\u00a0\u00bb\u00a0\u00bb google_fonts=\u00a0\u00bbfont_family:hackney%3Aregular|font_style:400%20regular%3A400%3Anormal\u00a0\u00bb font_size=\u00a0\u00bbsm:15;md:22;lg:28&Prime; line_height=\u00a0\u00bb1.4&Prime; max_width=\u00a0\u00bb740px\u00a0\u00bb]OBJECTIFS[\/tm_heading][tm_spacer size=\u00a0\u00bbsm:30;lg:29&Prime;][tm_list list_style=\u00a0\u00bbcheck-02&Prime; marker_color=\u00a0\u00bbsecondary\u00a0\u00bb columns=\u00a0\u00bbxs:1;lg:1&Prime; items=\u00a0\u00bb%5B%7B%22item_title%22%3A%22Pr%C3%A9senter%20les%20potentialit%C3%A9s%20multisectorielles%20de%20la%20C%C3%B4te%20d%E2%80%99Ivoire%20Cr%C3%A9er%20un%20v%C3%A9ritable%20march%C3%A9%20de%20l%E2%80%99offre%20et%20de%20la%20demande%22%7D%2C%7B%22item_title%22%3A%22Favoriser%20un%20climat%20d%E2%80%99%C3%A9changes%20entre%20les%20producteurs%20et%20les%20consommateurs%20pour%20leur%20permettre%20de%20mieux%20comprendre%20l&rsquo;origine%20et%20la%20qualit%C3%A9%20des%20produits%20locaux%22%7D%2C%7B%22item_title%22%3A%22Sensibiliser%20les%20populations%20aux%20avantages%20de%20la%20consommation%20de%20produits%20locaux%20en%20termes%20de%20qualit%C3%A9%2C%20de%20fra%C3%AEcheur%2C%20de%20go%C3%BBt%20et%20comme%20soutien%20%C3%A0%20l&rsquo;%C3%A9conomie%20locale%22%7D%2C%7B%22item_title%22%3A%22Pr%C3%A9senter%20les%20opportunit%C3%A9s%20d%E2%80%99investissements%20en%20%C3%A9tablissant%20des%20contacts%20d%E2%80%99affaires%22%7D%2C%7B%22item_title%22%3A%22Offrir%20une%20vitrine%20aux%20projets%20innovants%22%7D%5D\u00a0\u00bb][tm_spacer size=\u00a0\u00bblg:78&Prime;][\/vc_column_inner][\/vc_row_inner][\/vc_column][\/vc_row]<\/p>\n<\/div>","protected":false},"excerpt":{"rendered":"<p>[vc_row][vc_column][tm_spacer size=\u00a0\u00bblg:125&Prime;][tm_heading style=\u00a0\u00bbmodern\u00a0\u00bb tag=\u00a0\u00bbh6&Prime; custom_google_font=\u00a0\u00bb\u00a0\u00bb text_color=\u00a0\u00bbcustom\u00a0\u00bb custom_text_color=\u00a0\u00bb#ababab\u00a0\u00bb]FOMCI 2023[\/tm_heading][tm_spacer size=\u00a0\u00bblg:23&Prime;][vc_row_inner][vc_column_inner][tm_heading custom_google_font=\u00a0\u00bb\u00a0\u00bb google_fonts=\u00a0\u00bbfont_family:hackney%3Aregular|font_style:400%20regular%3A400%3Anormal\u00a0\u00bb font_size=\u00a0\u00bbsm:15;md:22;lg:28&Prime; line_height=\u00a0\u00bb1.4&Prime; max_width=\u00a0\u00bb740px\u00a0\u00bb]LA QUALIT\u00c9 MADE IN C\u00d4TE D\u2019IVOIRE, OPPORTUNIT\u00c9S D\u2019AFFAIRES ET FACTEUR DE CROISSANCE INCLUSIVE[\/tm_heading][tm_spacer size=\u00a0\u00bbsm:30;lg:29&Prime;][vc_column_text]La promotion des produits locaux est une tendance croissante dans le monde entier, en raison de l\u2019importance \u00e9conomique, sociale et environnementale qu\u2019elle rev\u00eat. Les produits locaux offrent une opportunit\u00e9 [&hellip;]<\/p>\n","protected":false},"author":1,"featured_media":0,"parent":10375,"menu_order":0,"comment_status":"closed","ping_status":"closed","template":"","meta":{"footnotes":""},"class_list":["post-10547","page","type-page","status-publish","hentry"],"_links":{"self":[{"href":"https:\/\/fomci2025.ici225.com\/index.php?rest_route=\/wp\/v2\/pages\/10547","targetHints":{"allow":["GET"]}}],"collection":[{"href":"https:\/\/fomci2025.ici225.com\/index.php?rest_route=\/wp\/v2\/pages"}],"about":[{"href":"https:\/\/fomci2025.ici225.com\/index.php?rest_route=\/wp\/v2\/types\/page"}],"author":[{"embeddable":true,"href":"https:\/\/fomci2025.ici225.com\/index.php?rest_route=\/wp\/v2\/users\/1"}],"replies":[{"embeddable":true,"href":"https:\/\/fomci2025.ici225.com\/index.php?rest_route=%2Fwp%2Fv2%2Fcomments&post=10547"}],"version-history":[{"count":0,"href":"https:\/\/fomci2025.ici225.com\/index.php?rest_route=\/wp\/v2\/pages\/10547\/revisions"}],"up":[{"embeddable":true,"href":"https:\/\/fomci2025.ici225.com\/index.php?rest_route=\/wp\/v2\/pages\/10375"}],"wp:attachment":[{"href":"https:\/\/fomci2025.ici225.com\/index.php?rest_route=%2Fwp%2Fv2%2Fmedia&parent=10547"}],"curies":[{"name":"wp","href":"https:\/\/api.w.org\/{rel}","templated":true}]}}