{"id":10381,"date":"2023-06-28T19:38:17","date_gmt":"2023-06-28T17:38:17","guid":{"rendered":"https:\/\/fomci.ici225.com\/?page_id=10381"},"modified":"2023-06-28T19:38:17","modified_gmt":"2023-06-28T17:38:17","slug":"reservez-mon-stand","status":"publish","type":"page","link":"https:\/\/fomci2025.ici225.com\/?page_id=10381","title":{"rendered":"RESERVEZ MON STAND"},"content":{"rendered":"<div class=\"wpb-content-wrapper\"><p>[vc_row full_width=\u00a0\u00bbstretch_row\u00a0\u00bb][vc_column][tm_spacer size=\u00a0\u00bblg:104&Prime;][tm_heading style=\u00a0\u00bbmodern\u00a0\u00bb custom_google_font=\u00a0\u00bb\u00a0\u00bb align=\u00a0\u00bbcenter\u00a0\u00bb text_color=\u00a0\u00bbcustom\u00a0\u00bb custom_text_color=\u00a0\u00bb#dd9933&Prime;]FOMCI 2023[\/tm_heading][tm_spacer size=\u00a0\u00bblg:25&Prime;][tm_heading tag=\u00a0\u00bbh4&Prime; custom_google_font=\u00a0\u00bb\u00a0\u00bb align=\u00a0\u00bbcenter\u00a0\u00bb font_size=\u00a0\u00bbsm:21;md:28;lg:30&Prime; line_height=\u00a0\u00bb1.4&Prime;]RESERVEZ VOTRE STAND MAINTENANT<br \/>\n<mark>PROFITEZ DE LA PUISSANCE MARKETING DU MEDIA SALON<\/mark>[\/tm_heading][tm_spacer size=\u00a0\u00bblg:36&Prime;][vc_column_text]<\/p>\n<p style=\"text-align: center;\"><span style=\"font-size: 14pt;\">La <b>foire<\/b> est un <b>outil marketing interactif<\/b> d\u2019une grande efficacit\u00e9 : c\u2019est le <b>seul m\u00e9dia <\/b>qui permet simultan\u00e9ment de <b>promouvoir vos marques<\/b>, <b>r\u00e9pondre aux questions <\/b>des <b>clients<\/b> et prescripteurs, <b>argumenter<\/b> les objections, <b>conclure<\/b>, <b>rencontrer de nouveaux prospects<\/b> et <b>resserrer les liens avec votre r\u00e9seau<\/b>, la presse et le march\u00e9.<\/span><\/p>\n<p>[\/vc_column_text][tm_spacer size=\u00a0\u00bblg:45&Prime;][tm_heading custom_google_font=\u00a0\u00bb\u00a0\u00bb align=\u00a0\u00bbcenter\u00a0\u00bb font_size=\u00a0\u00bbsm:14;md:18;lg:25&Prime; line_height=\u00a0\u00bb1.4&Prime;]JE VEUX ETRE <mark> SPONSOR OU EXPOSANT<\/mark>[\/tm_heading][tm_spacer size=\u00a0\u00bblg:25&Prime;][tm_button_group align=\u00a0\u00bbcenter\u00a0\u00bb][tm_button size=\u00a0\u00bbcustom\u00a0\u00bb button=\u00a0\u00bburl:%23lepopup-demande-de-participation|title:T%C3%A9l%C3%A9chargez%20la%20demande%20de%20participation\u00a0\u00bb width=\u00a0\u00bb180&Prime;][\/tm_button_group][tm_spacer size=\u00a0\u00bblg:100&Prime;][\/vc_column][\/vc_row]<\/p>\n<\/div>","protected":false},"excerpt":{"rendered":"<p>[vc_row full_width=\u00a0\u00bbstretch_row\u00a0\u00bb][vc_column][tm_spacer size=\u00a0\u00bblg:104&Prime;][tm_heading style=\u00a0\u00bbmodern\u00a0\u00bb custom_google_font=\u00a0\u00bb\u00a0\u00bb align=\u00a0\u00bbcenter\u00a0\u00bb text_color=\u00a0\u00bbcustom\u00a0\u00bb custom_text_color=\u00a0\u00bb#dd9933&Prime;]FOMCI 2023[\/tm_heading][tm_spacer size=\u00a0\u00bblg:25&Prime;][tm_heading tag=\u00a0\u00bbh4&Prime; custom_google_font=\u00a0\u00bb\u00a0\u00bb align=\u00a0\u00bbcenter\u00a0\u00bb font_size=\u00a0\u00bbsm:21;md:28;lg:30&Prime; line_height=\u00a0\u00bb1.4&Prime;]RESERVEZ VOTRE STAND MAINTENANT PROFITEZ DE LA PUISSANCE MARKETING DU MEDIA SALON[\/tm_heading][tm_spacer size=\u00a0\u00bblg:36&Prime;][vc_column_text] La foire est un outil marketing interactif d\u2019une grande efficacit\u00e9 : c\u2019est le seul m\u00e9dia qui permet simultan\u00e9ment de promouvoir vos marques, r\u00e9pondre aux questions des clients et [&hellip;]<\/p>\n","protected":false},"author":1,"featured_media":0,"parent":10377,"menu_order":0,"comment_status":"closed","ping_status":"closed","template":"","meta":{"footnotes":""},"class_list":["post-10381","page","type-page","status-publish","hentry"],"_links":{"self":[{"href":"https:\/\/fomci2025.ici225.com\/index.php?rest_route=\/wp\/v2\/pages\/10381","targetHints":{"allow":["GET"]}}],"collection":[{"href":"https:\/\/fomci2025.ici225.com\/index.php?rest_route=\/wp\/v2\/pages"}],"about":[{"href":"https:\/\/fomci2025.ici225.com\/index.php?rest_route=\/wp\/v2\/types\/page"}],"author":[{"embeddable":true,"href":"https:\/\/fomci2025.ici225.com\/index.php?rest_route=\/wp\/v2\/users\/1"}],"replies":[{"embeddable":true,"href":"https:\/\/fomci2025.ici225.com\/index.php?rest_route=%2Fwp%2Fv2%2Fcomments&post=10381"}],"version-history":[{"count":0,"href":"https:\/\/fomci2025.ici225.com\/index.php?rest_route=\/wp\/v2\/pages\/10381\/revisions"}],"up":[{"embeddable":true,"href":"https:\/\/fomci2025.ici225.com\/index.php?rest_route=\/wp\/v2\/pages\/10377"}],"wp:attachment":[{"href":"https:\/\/fomci2025.ici225.com\/index.php?rest_route=%2Fwp%2Fv2%2Fmedia&parent=10381"}],"curies":[{"name":"wp","href":"https:\/\/api.w.org\/{rel}","templated":true}]}}