{"id":10379,"date":"2023-06-28T19:37:38","date_gmt":"2023-06-28T17:37:38","guid":{"rendered":"https:\/\/fomci.ici225.com\/?page_id=10379"},"modified":"2023-06-28T19:37:38","modified_gmt":"2023-06-28T17:37:38","slug":"decouvrir-lespace-exposant","status":"publish","type":"page","link":"https:\/\/fomci2025.ici225.com\/?page_id=10379","title":{"rendered":"DECOUVRIR L\u2019ESPACE EXPOSANT"},"content":{"rendered":"<div class=\"wpb-content-wrapper\"><p>[vc_row full_width=\u00a0\u00bbstretch_row_content\u00a0\u00bb content_placement=\u00a0\u00bbmiddle\u00a0\u00bb background_color=\u00a0\u00bbcustom\u00a0\u00bb lg_spacing=\u00a0\u00bbpadding_top:0;padding_bottom:40&Prime; custom_background_color=\u00a0\u00bb#f8f8f8&Prime;][vc_column offset=\u00a0\u00bbvc_col-md-6&Prime; order=\u00a0\u00bbsm:3&Prime;][vc_row_inner content_alignment=\u00a0\u00bbright\u00a0\u00bb sm_content_alignment=\u00a0\u00bbcenter\u00a0\u00bb max_width=\u00a0\u00bb600px\u00a0\u00bb lg_spacing=\u00a0\u00bbpadding_top:25&Prime;][vc_column_inner][tm_heading style=\u00a0\u00bbmodern\u00a0\u00bb custom_google_font=\u00a0\u00bb\u00a0\u00bb sm_align=\u00a0\u00bbcenter\u00a0\u00bb text_color=\u00a0\u00bbcustom\u00a0\u00bb custom_text_color=\u00a0\u00bb#ababab\u00a0\u00bb]FOMCI 2023[\/tm_heading][tm_spacer size=\u00a0\u00bblg:25&Prime;][tm_heading tag=\u00a0\u00bbh4&Prime; custom_google_font=\u00a0\u00bb1&Prime; sm_align=\u00a0\u00bbcenter\u00a0\u00bb font_size=\u00a0\u00bbsm:11;md:14;lg:20&Prime; line_height=\u00a0\u00bb1.4&Prime;]Devenez exposant de la Foire du Made in C\u00f4te d\u2019Ivoire 2023.<br \/>\nUn rendez-vous unique qui r\u00e9unit Grand Public, Professionnels et M\u00e9dias autour des enjeux de la valorisation du Made in C\u00f4te d\u2019Ivoire.<br \/>\n<mark>La FOMCI est un moment incontournable de rencontres et d&rsquo;\u00e9changes \u00e0 ne pas manquer<\/mark>[\/tm_heading][tm_spacer size=\u00a0\u00bblg:40&Prime;][tm_button size=\u00a0\u00bbcustom\u00a0\u00bb button=\u00a0\u00bburl:%23lepopup-demande-de-participation|title:T%C3%A9l%C3%A9charger%20la%20demande%20de%20participation\u00a0\u00bb icon_align=\u00a0\u00bbleft\u00a0\u00bb sm_align=\u00a0\u00bbcenter\u00a0\u00bb width=\u00a0\u00bb205&Prime; icon_font_size=\u00a0\u00bblg:14&Prime;][\/vc_column_inner][\/vc_row_inner][\/vc_column][vc_column offset=\u00a0\u00bbvc_col-md-6&Prime;][tm_image align=\u00a0\u00bbcenter\u00a0\u00bb image=\u00a0\u00bb10553&Prime;][tm_spacer size=\u00a0\u00bbsm:30&Prime;][\/vc_column][\/vc_row][vc_row full_width=\u00a0\u00bbstretch_row\u00a0\u00bb css_animation=\u00a0\u00bbfadeIn\u00a0\u00bb background_color=\u00a0\u00bbcustom\u00a0\u00bb lg_spacing=\u00a0\u00bbpadding_top:64;padding_bottom:64&Prime; custom_background_color=\u00a0\u00bbrgba(56,122,255,0.8)\u00a0\u00bb][vc_column][tm_grid columns=\u00a0\u00bbxs:1;sm:2;lg:4&Prime; column_gutter=\u00a0\u00bblg:30&Prime; row_gutter=\u00a0\u00bblg:50&Prime;][tm_counter number_color=\u00a0\u00bbcustom\u00a0\u00bb text_color=\u00a0\u00bbcustom\u00a0\u00bb number=\u00a0\u00bb50000&Prime; text=\u00a0\u00bbvisiteurs attendus\u00a0\u00bb custom_number_color=\u00a0\u00bb#ffffff\u00a0\u00bb custom_text_color=\u00a0\u00bbrgba(255,255,255,0.7)\u00a0\u00bb][tm_counter number_color=\u00a0\u00bbcustom\u00a0\u00bb text_color=\u00a0\u00bbcustom\u00a0\u00bb number=\u00a0\u00bb5&Prime; text=\u00a0\u00bbjours expo-vente\u00a0\u00bb custom_number_color=\u00a0\u00bb#ffffff\u00a0\u00bb custom_text_color=\u00a0\u00bbrgba(255,255,255,0.7)\u00a0\u00bb][tm_counter number_color=\u00a0\u00bbcustom\u00a0\u00bb text_color=\u00a0\u00bbcustom\u00a0\u00bb number=\u00a0\u00bb200&Prime; text=\u00a0\u00bbexposants\u00a0\u00bb custom_number_color=\u00a0\u00bb#ffffff\u00a0\u00bb custom_text_color=\u00a0\u00bbrgba(255,255,255,0.7)\u00a0\u00bb number_prefix=\u00a0\u00bb+\u00a0\u00bb][tm_counter number_color=\u00a0\u00bbcustom\u00a0\u00bb text_color=\u00a0\u00bbcustom\u00a0\u00bb number=\u00a0\u00bb1&Prime; text=\u00a0\u00bbpersonnes touch\u00e9es sur les r\u00e9seaux sociaux\u00a0\u00bb custom_number_color=\u00a0\u00bb#ffffff\u00a0\u00bb custom_text_color=\u00a0\u00bbrgba(255,255,255,0.7)\u00a0\u00bb number_suffix=\u00a0\u00bbMillion\u00a0\u00bb][\/tm_grid][\/vc_column][\/vc_row][vc_row][vc_column][tm_spacer size=\u00a0\u00bbsm:100;lg:120&Prime;][tm_heading tag=\u00a0\u00bbh4&Prime; custom_google_font=\u00a0\u00bb1&Prime; google_fonts=\u00a0\u00bbfont_family:hackney%3Aregular|font_style:400%20regular%3A400%3Anormal\u00a0\u00bb align=\u00a0\u00bbcenter\u00a0\u00bb text_color=\u00a0\u00bbprimary\u00a0\u00bb font_size=\u00a0\u00bbsm:28;md:34;lg:60&Prime; line_height=\u00a0\u00bb1.4&Prime; max_width=\u00a0\u00bb570px\u00a0\u00bb]9 BONNES RAISON D&rsquo;EXPOSER[\/tm_heading][tm_spacer size=\u00a0\u00bblg:84&Prime;][tm_list list_style=\u00a0\u00bbauto-numbered-01&Prime; animation=\u00a0\u00bbmove-down\u00a0\u00bb marker_color=\u00a0\u00bbsecondary\u00a0\u00bb title_color=\u00a0\u00bbprimary\u00a0\u00bb columns=\u00a0\u00bbxs:1;lg:2&Prime; items=\u00a0\u00bb%5B%7B%22item_title%22%3A%22Promouvoir%22%2C%22item_desc%22%3A%22votre%20entreprise%20et%20vos%20produits%22%7D%2C%7B%22item_title%22%3A%22Tester%22%2C%22link%22%3A%22%7C%7C%7C%22%2C%22item_desc%22%3A%22vos%20innovations%20aupr%C3%A8s%20d%E2%80%99un%20public%20cibl%C3%A9%22%7D%2C%7B%22item_title%22%3A%22Trouver%22%2C%22link%22%3A%22%7C%7C%7C%22%2C%22item_desc%22%3A%22de%20nouveaux%20partenaires%20fiables%22%7D%2C%7B%22item_title%22%3A%22Obtenir%22%2C%22item_desc%22%3A%22des%20informations%20strat%C3%A9giques%20et%20acc%C3%A9l%C3%A9rer%20la%20croissance%20de%5Cnvotre%20entreprise%22%7D%2C%7B%22item_title%22%3A%22Am%C3%A9liorer%22%2C%22link%22%3A%22%7C%7C%7C%22%2C%22item_desc%22%3A%22votre%20image%20en%20C%C3%B4te%20d%E2%80%99Ivoire%20et%20en%20Afrique%22%7D%2C%7B%22item_title%22%3A%22B%C3%A9n%C3%A9ficier%22%2C%22item_desc%22%3A%22de%20la%20visibilit%C3%A9%20m%C3%A9diatique%20exceptionnelle%20du%20Forum%22%7D%2C%7B%22item_title%22%3A%22Tisser%22%2C%22item_desc%22%3A%22de%20nouvelles%20synergies%20et%20d%C3%A9velopper%20votre%20r%C3%A9seau%20professionnel%22%7D%2C%7B%22item_title%22%3A%22%C3%8Atre%22%2C%22item_desc%22%3A%22acteur%20et%20moteur%20du%20d%C3%A9veloppement%20durable%22%7D%2C%7B%22item_title%22%3A%22D%C3%A9velopper%22%2C%22item_desc%22%3A%22la%20notori%C3%A9t%C3%A9%20de%20votre%20marque%22%7D%5D\u00a0\u00bb][tm_spacer size=\u00a0\u00bblg:80&Prime;][\/vc_column][\/vc_row]<\/p>\n<\/div>","protected":false},"excerpt":{"rendered":"<p>[vc_row full_width=\u00a0\u00bbstretch_row_content\u00a0\u00bb content_placement=\u00a0\u00bbmiddle\u00a0\u00bb background_color=\u00a0\u00bbcustom\u00a0\u00bb lg_spacing=\u00a0\u00bbpadding_top:0;padding_bottom:40&Prime; custom_background_color=\u00a0\u00bb#f8f8f8&Prime;][vc_column offset=\u00a0\u00bbvc_col-md-6&Prime; order=\u00a0\u00bbsm:3&Prime;][vc_row_inner content_alignment=\u00a0\u00bbright\u00a0\u00bb sm_content_alignment=\u00a0\u00bbcenter\u00a0\u00bb max_width=\u00a0\u00bb600px\u00a0\u00bb lg_spacing=\u00a0\u00bbpadding_top:25&Prime;][vc_column_inner][tm_heading style=\u00a0\u00bbmodern\u00a0\u00bb custom_google_font=\u00a0\u00bb\u00a0\u00bb sm_align=\u00a0\u00bbcenter\u00a0\u00bb text_color=\u00a0\u00bbcustom\u00a0\u00bb custom_text_color=\u00a0\u00bb#ababab\u00a0\u00bb]FOMCI 2023[\/tm_heading][tm_spacer size=\u00a0\u00bblg:25&Prime;][tm_heading tag=\u00a0\u00bbh4&Prime; custom_google_font=\u00a0\u00bb1&Prime; sm_align=\u00a0\u00bbcenter\u00a0\u00bb font_size=\u00a0\u00bbsm:11;md:14;lg:20&Prime; line_height=\u00a0\u00bb1.4&Prime;]Devenez exposant de la Foire du Made in C\u00f4te d\u2019Ivoire 2023. Un rendez-vous unique qui r\u00e9unit Grand Public, Professionnels et M\u00e9dias autour des enjeux de la valorisation du Made in C\u00f4te d\u2019Ivoire. [&hellip;]<\/p>\n","protected":false},"author":1,"featured_media":0,"parent":10377,"menu_order":0,"comment_status":"closed","ping_status":"closed","template":"","meta":{"footnotes":""},"class_list":["post-10379","page","type-page","status-publish","hentry"],"_links":{"self":[{"href":"https:\/\/fomci2025.ici225.com\/index.php?rest_route=\/wp\/v2\/pages\/10379","targetHints":{"allow":["GET"]}}],"collection":[{"href":"https:\/\/fomci2025.ici225.com\/index.php?rest_route=\/wp\/v2\/pages"}],"about":[{"href":"https:\/\/fomci2025.ici225.com\/index.php?rest_route=\/wp\/v2\/types\/page"}],"author":[{"embeddable":true,"href":"https:\/\/fomci2025.ici225.com\/index.php?rest_route=\/wp\/v2\/users\/1"}],"replies":[{"embeddable":true,"href":"https:\/\/fomci2025.ici225.com\/index.php?rest_route=%2Fwp%2Fv2%2Fcomments&post=10379"}],"version-history":[{"count":0,"href":"https:\/\/fomci2025.ici225.com\/index.php?rest_route=\/wp\/v2\/pages\/10379\/revisions"}],"up":[{"embeddable":true,"href":"https:\/\/fomci2025.ici225.com\/index.php?rest_route=\/wp\/v2\/pages\/10377"}],"wp:attachment":[{"href":"https:\/\/fomci2025.ici225.com\/index.php?rest_route=%2Fwp%2Fv2%2Fmedia&parent=10379"}],"curies":[{"name":"wp","href":"https:\/\/api.w.org\/{rel}","templated":true}]}}